{"id":6762,"date":"2025-07-07T09:34:46","date_gmt":"2025-07-07T12:34:46","guid":{"rendered":"https:\/\/latam-academy.com\/tienda\/?post_type=product&#038;p=6762"},"modified":"2025-08-11T12:30:18","modified_gmt":"2025-08-11T15:30:18","slug":"protecciondedatos","status":"publish","type":"product","link":"https:\/\/latam-academy.com\/tienda\/product\/protecciondedatos\/","title":{"rendered":"Herramientas en Protecci\u00f3n de Datos Personales"},"content":{"rendered":"","protected":false},"excerpt":{"rendered":"<p><b>Curso: Herramientas en Protecci\u00f3n de Datos Personales<\/b><b><br \/>\n<\/b><b>Modalidad:<\/b><span style=\"font-weight: 400;\"> Online, asincr\u00f3nico<\/span><span style=\"font-weight: 400;\"><br \/>\n<\/span><b>Duraci\u00f3n:<\/b><span style=\"font-weight: 400;\"> 45 horas<\/span><span style=\"font-weight: 400;\"><br \/>\n<\/span><b>C\u00f3digo SENCE:<\/b><span style=\"font-weight: 400;\"> 1238076807<\/span><\/p>\n<p><span style=\"font-weight: 400;\">Este curso entrega las herramientas fundamentales para aplicar la Ley N\u00b0 21.719 sobre protecci\u00f3n de datos personales en Chile. Est\u00e1 dise\u00f1ado para apoyar a profesionales en el cumplimiento normativo, la protecci\u00f3n de los derechos de las personas y la gesti\u00f3n \u00e9tica y segura de la informaci\u00f3n.<\/span><\/p>\n<p><b>Objetivos del curso:<\/b><\/p>\n<ul>\n<li style=\"font-weight: 400;\" aria-level=\"1\"><span style=\"font-weight: 400;\">Comprender el marco legal y los principios de la Ley N\u00b0 21.719.<\/span><span style=\"font-weight: 400;\"><br \/>\n<\/span><\/li>\n<li style=\"font-weight: 400;\" aria-level=\"1\"><span style=\"font-weight: 400;\">Reconocer los derechos de los titulares y c\u00f3mo garantizar su ejercicio.<\/span><span style=\"font-weight: 400;\"><br \/>\n<\/span><\/li>\n<li style=\"font-weight: 400;\" aria-level=\"1\"><span style=\"font-weight: 400;\">Implementar buenas pr\u00e1cticas para el tratamiento y protecci\u00f3n de datos.<\/span><span style=\"font-weight: 400;\"><br \/>\n<\/span><\/li>\n<li style=\"font-weight: 400;\" aria-level=\"1\"><span style=\"font-weight: 400;\">Identificar obligaciones, responsabilidades y mecanismos de supervisi\u00f3n.<\/span><span style=\"font-weight: 400;\"><br \/>\n<\/span><\/li>\n<\/ul>\n<p><b>Estructura del curso:<\/b><b><br \/>\n<\/b><span style=\"font-weight: 400;\">El programa se organiza en cinco m\u00f3dulos:<\/span><\/p>\n<p><b>M\u00f3dulo 1: Introducci\u00f3n a la Ley<\/b><b><br \/>\n<\/b><span style=\"font-weight: 400;\">Prop\u00f3sito, alcance y principios clave de la normativa.<\/span><\/p>\n<p><b>M\u00f3dulo 2: Derechos de los Titulares<\/b><b><br \/>\n<\/b><span style=\"font-weight: 400;\">Acceso, rectificaci\u00f3n, supresi\u00f3n y otros derechos fundamentales.<\/span><\/p>\n<p><b>M\u00f3dulo 3: Obligaciones del Responsable<\/b><b><br \/>\n<\/b><span style=\"font-weight: 400;\">Buenas pr\u00e1cticas en gesti\u00f3n y protecci\u00f3n de datos personales.<\/span><\/p>\n<p><b>M\u00f3dulo 4: Tratamiento de Datos Sensibles<\/b><b><br \/>\n<\/b><span style=\"font-weight: 400;\">Manejo adecuado de datos sensibles y medidas adicionales de seguridad.<\/span><\/p>\n<p><b>M\u00f3dulo 5: Supervisi\u00f3n y Cumplimiento<\/b><b><br \/>\n<\/b><span style=\"font-weight: 400;\">Evaluaciones, auditor\u00edas y gesti\u00f3n ante vulneraciones de seguridad.<\/span><\/p>\n<p><b>Dirigido a:<\/b><b><br \/>\n<\/b><span style=\"font-weight: 400;\">Profesionales del sector p\u00fablico y privado que gestionan datos personales y requieren comprender la aplicaci\u00f3n pr\u00e1ctica de la ley vigente.<\/span><\/p>\n<p data-start=\"138\" data-end=\"209\">\n","protected":false},"featured_media":6989,"comment_status":"open","ping_status":"closed","template":"","meta":{"content-type":""},"product_brand":[],"product_cat":[116],"product_tag":[150],"class_list":{"0":"post-6762","1":"product","2":"type-product","3":"status-publish","4":"has-post-thumbnail","6":"product_cat-e-learning","7":"product_tag-office-365","9":"first","10":"instock","11":"sale","12":"virtual","13":"sold-individually","14":"purchasable","15":"product-type-simple"},"_links":{"self":[{"href":"https:\/\/latam-academy.com\/tienda\/wp-json\/wp\/v2\/product\/6762","targetHints":{"allow":["GET"]}}],"collection":[{"href":"https:\/\/latam-academy.com\/tienda\/wp-json\/wp\/v2\/product"}],"about":[{"href":"https:\/\/latam-academy.com\/tienda\/wp-json\/wp\/v2\/types\/product"}],"replies":[{"embeddable":true,"href":"https:\/\/latam-academy.com\/tienda\/wp-json\/wp\/v2\/comments?post=6762"}],"version-history":[{"count":8,"href":"https:\/\/latam-academy.com\/tienda\/wp-json\/wp\/v2\/product\/6762\/revisions"}],"predecessor-version":[{"id":6792,"href":"https:\/\/latam-academy.com\/tienda\/wp-json\/wp\/v2\/product\/6762\/revisions\/6792"}],"wp:featuredmedia":[{"embeddable":true,"href":"https:\/\/latam-academy.com\/tienda\/wp-json\/wp\/v2\/media\/6989"}],"wp:attachment":[{"href":"https:\/\/latam-academy.com\/tienda\/wp-json\/wp\/v2\/media?parent=6762"}],"wp:term":[{"taxonomy":"product_brand","embeddable":true,"href":"https:\/\/latam-academy.com\/tienda\/wp-json\/wp\/v2\/product_brand?post=6762"},{"taxonomy":"product_cat","embeddable":true,"href":"https:\/\/latam-academy.com\/tienda\/wp-json\/wp\/v2\/product_cat?post=6762"},{"taxonomy":"product_tag","embeddable":true,"href":"https:\/\/latam-academy.com\/tienda\/wp-json\/wp\/v2\/product_tag?post=6762"}],"curies":[{"name":"wp","href":"https:\/\/api.w.org\/{rel}","templated":true}]}}