{"id":6023,"date":"2020-09-23T20:18:43","date_gmt":"2020-09-23T23:18:43","guid":{"rendered":"https:\/\/latam-academy.com\/tienda\/product\/trabajo-en-equipo\/"},"modified":"2025-09-01T15:38:20","modified_gmt":"2025-09-01T18:38:20","slug":"trabajo-en-equipo","status":"publish","type":"product","link":"https:\/\/latam-academy.com\/tienda\/product\/trabajo-en-equipo\/","title":{"rendered":"Manejo De Herramientas Para Un Trabajo En Equipo Efectivo"},"content":{"rendered":"","protected":false},"excerpt":{"rendered":"<p><b>Trabajo en equipo<\/b> es el trabajo hecho por varias personas donde cada uno hace una parte pero todos tienen un objetivo en com\u00fan. Pero para que se considere trabajo en equipo o cooperativo, el trabajo debe tener una estructura organizativa que favorezca la elaboraci\u00f3n conjunta del trabajo y no que cada uno de los miembros realicen una parte del trabajo y juntarlas.<sup id=\"cite_ref-2\" class=\"reference separada\"><\/sup><\/p>\n<p>&nbsp;<\/p>\n<p>Es una de las condiciones de tipo psicol\u00f3gico que m\u00e1s influye en los trabajadores de forma positiva porque permite que haya un compa\u00f1erismo. Puede dar muy buenos resultados, ya que normalmente genera entusiasmo y produce satisfacci\u00f3n en las tareas recomendadas, que fomentan entre los trabajadores un ambiente de armon\u00eda y obtienen resultados beneficiosos.<\/p>\n","protected":false},"featured_media":6195,"comment_status":"open","ping_status":"closed","template":"","meta":{"content-type":""},"product_brand":[],"product_cat":[15],"product_tag":[],"class_list":{"0":"post-6023","1":"product","2":"type-product","3":"status-publish","4":"has-post-thumbnail","6":"product_cat-uncategorized","8":"first","9":"instock","10":"sale","11":"virtual","12":"sold-individually","13":"purchasable","14":"product-type-simple"},"_links":{"self":[{"href":"https:\/\/latam-academy.com\/tienda\/wp-json\/wp\/v2\/product\/6023","targetHints":{"allow":["GET"]}}],"collection":[{"href":"https:\/\/latam-academy.com\/tienda\/wp-json\/wp\/v2\/product"}],"about":[{"href":"https:\/\/latam-academy.com\/tienda\/wp-json\/wp\/v2\/types\/product"}],"replies":[{"embeddable":true,"href":"https:\/\/latam-academy.com\/tienda\/wp-json\/wp\/v2\/comments?post=6023"}],"version-history":[{"count":5,"href":"https:\/\/latam-academy.com\/tienda\/wp-json\/wp\/v2\/product\/6023\/revisions"}],"predecessor-version":[{"id":6591,"href":"https:\/\/latam-academy.com\/tienda\/wp-json\/wp\/v2\/product\/6023\/revisions\/6591"}],"wp:featuredmedia":[{"embeddable":true,"href":"https:\/\/latam-academy.com\/tienda\/wp-json\/wp\/v2\/media\/6195"}],"wp:attachment":[{"href":"https:\/\/latam-academy.com\/tienda\/wp-json\/wp\/v2\/media?parent=6023"}],"wp:term":[{"taxonomy":"product_brand","embeddable":true,"href":"https:\/\/latam-academy.com\/tienda\/wp-json\/wp\/v2\/product_brand?post=6023"},{"taxonomy":"product_cat","embeddable":true,"href":"https:\/\/latam-academy.com\/tienda\/wp-json\/wp\/v2\/product_cat?post=6023"},{"taxonomy":"product_tag","embeddable":true,"href":"https:\/\/latam-academy.com\/tienda\/wp-json\/wp\/v2\/product_tag?post=6023"}],"curies":[{"name":"wp","href":"https:\/\/api.w.org\/{rel}","templated":true}]}}