{"id":6021,"date":"2020-09-23T20:18:43","date_gmt":"2020-09-23T23:18:43","guid":{"rendered":"https:\/\/latam-academy.com\/tienda\/product\/liderazgo\/"},"modified":"2025-09-01T15:38:20","modified_gmt":"2025-09-01T18:38:20","slug":"liderazgo","status":"publish","type":"product","link":"https:\/\/latam-academy.com\/tienda\/product\/liderazgo\/","title":{"rendered":"Manejo de Herramientas Para un Liderazgo Efectivo"},"content":{"rendered":"","protected":false},"excerpt":{"rendered":"<p>En este curso adquirir\u00e1s las habilidades necesarias para liderar tu entorno en un mundo\u00a0VUCA: Vol\u00e1til, Incierto (Uncertain), Complejo y Ambiguo. Adem\u00e1s, aplicar\u00e1s t\u00e9cnicas para moverte \u00e1gilmente en este mundo caracterizado por una alta tasa de cambio y una baja tasa de predictibilidad.<\/p>\n","protected":false},"featured_media":6180,"comment_status":"open","ping_status":"closed","template":"","meta":{"content-type":""},"product_brand":[],"product_cat":[15],"product_tag":[],"class_list":{"0":"post-6021","1":"product","2":"type-product","3":"status-publish","4":"has-post-thumbnail","6":"product_cat-uncategorized","8":"first","9":"instock","10":"sale","11":"virtual","12":"sold-individually","13":"purchasable","14":"product-type-simple"},"_links":{"self":[{"href":"https:\/\/latam-academy.com\/tienda\/wp-json\/wp\/v2\/product\/6021","targetHints":{"allow":["GET"]}}],"collection":[{"href":"https:\/\/latam-academy.com\/tienda\/wp-json\/wp\/v2\/product"}],"about":[{"href":"https:\/\/latam-academy.com\/tienda\/wp-json\/wp\/v2\/types\/product"}],"replies":[{"embeddable":true,"href":"https:\/\/latam-academy.com\/tienda\/wp-json\/wp\/v2\/comments?post=6021"}],"version-history":[{"count":4,"href":"https:\/\/latam-academy.com\/tienda\/wp-json\/wp\/v2\/product\/6021\/revisions"}],"predecessor-version":[{"id":6589,"href":"https:\/\/latam-academy.com\/tienda\/wp-json\/wp\/v2\/product\/6021\/revisions\/6589"}],"wp:featuredmedia":[{"embeddable":true,"href":"https:\/\/latam-academy.com\/tienda\/wp-json\/wp\/v2\/media\/6180"}],"wp:attachment":[{"href":"https:\/\/latam-academy.com\/tienda\/wp-json\/wp\/v2\/media?parent=6021"}],"wp:term":[{"taxonomy":"product_brand","embeddable":true,"href":"https:\/\/latam-academy.com\/tienda\/wp-json\/wp\/v2\/product_brand?post=6021"},{"taxonomy":"product_cat","embeddable":true,"href":"https:\/\/latam-academy.com\/tienda\/wp-json\/wp\/v2\/product_cat?post=6021"},{"taxonomy":"product_tag","embeddable":true,"href":"https:\/\/latam-academy.com\/tienda\/wp-json\/wp\/v2\/product_tag?post=6021"}],"curies":[{"name":"wp","href":"https:\/\/api.w.org\/{rel}","templated":true}]}}